. Suppose 4*o + 4 = -k. Let y(h) = -2*h + 12. Let q be y(o). Calculate the greatest common factor of 42 and q.
14
Suppose -3*o + 1743 = 5*y + 134, 654 = 2*y - 4*o. What is the highest common factor of y and 85?
17
Suppose 0 = i + 2*y - 1064, 5*i + 218 = -5*y + 5553. Calculate the highest common factor of 10 and i.
10
Let s = 25 - 15. Let r = 4 + -2. Let q = r - -8. Calculate the greatest common factor of s and q.
10
Suppose 4*h + 5*i + 11 = 3, 4*i = 4*h - 28. Let j(n) = n**3 - 2*n**2 - 2*n - 1. Let c be j(h). What is the highest common divisor of c and 6?
2
Let a be 9/(-9)*(1 + -31 + -3). Let s = 4 + -1. What is the highest common factor of a and s?
3
Suppose 0 = 4*n - 4*i - 64, -3*n = 2*n + 2*i - 94. Calculate the highest common factor of n and 18.
18
Let x = 540 + -39. Suppose 2*o - 2*g = -0*g + 336, 4*g = 3*o - x. What is the greatest common factor of o and 19?
19
Suppose -439*p + 445*p = 2430. What is the greatest common factor of 15 and p?
15
Let q(l) = -l**2 + 7*l + 31. Let j be q(0). Calculate the highest common factor of 155 and j.
31
Let u(l) = -4*l + 51. Let m be u(-4). Suppose 595 = 6*o + m. Let b(i) = -i**2 + 7*i + 2. Let s be b(6). What is the highest common factor of s and o?
8
Let l(h) = -h**3 - 6*h**2 - 6*h - 3. Let y be l(-5). Suppose -s = 4*d - 49, -y*d + 4 + 17 = -3*s. Calculate the highest common divisor of 36 and d.
12
Let d(q) be the first derivative of q**4/4 + 3*q**3 + 4*q**2 + 8*q + 43. Let f be d(-8). What is the highest common factor of f and 12?
4
Let u = 16 + -26. Let y be (-3)/(-3) - u/(-1). Let o = y + 54. Calculate the highest common divisor of o and 18.
9
Let n = -21 + 39. Let p be (-12)/(-9) - 8/(-12). Suppose -p*r + 3*r - 27 = 0. Calculate the greatest common factor of r and n.
9
Suppose -3*o = -8*o + 55. Let w(i) = -i**3 + 6*i**2 + 3*i - 7. Suppose -1 = -5*n + 29. Let j be w(n). Calculate the highest common divisor of o and j.
11
Suppose 3*v - 42 = 111. Let x be (-334)/(-6) - (-17)/v. Calculate the highest common factor of 14 and x.
14
Suppose -6*i = -18, 30*i - 25*i + 1875 = 5*c. What is the highest common factor of c and 108?
54
Let s(y) = 8*y. Let u be s(2). What is the highest common divisor of u and 72?
8
Let i(x) = -4*x - 8. Let l be i(-3). Let w be (1 - 3) + 97 - 3. Suppose -2*p - 4*y = -w, y + 124 = 4*p - 3*y. Calculate the highest common divisor of p and l.
4
Let n be 41 + 7 - ((-6)/(-2) + 1). What is the greatest common factor of n and 66?
22
Suppose 3*q = -0*q + 6. Suppose -8*m = -9 - 15. Suppose -m*g + 0*y + 24 = -2*y, -2*g = 2*y - 16. Calculate the greatest common divisor of q and g.
2
Let m = 252 + -198. What is the highest common factor of m and 837?
27
Let c = 206 - 59. Let m = c + -101. What is the greatest common divisor of 23 and m?
23
Suppose -6 + 30 = -3*w. Let z = 3 - w. What is the highest common factor of 88 and z?
11
Let f(b) = -b**2 - 28*b - 27. Let z be f(-27). Suppose 25*p - 564 - 686 = z. Suppose o = 3 + 7. Calculate the greatest common factor of p and o.
10
Let c = 779 - 392. Calculate the greatest common divisor of 9 and c.
9
Suppose 14*k - 8 = 15*k. Let b be (2/(-2))/(1/k). Let s be (-444)/(-8) + 4/b. What is the greatest common factor of 7 and s?
7
Let h(t) = -t**3 - 24*t**2 - t + 66. Let m be h(-24). Calculate the highest common factor of m and 855.
45
Let f = 277 + -97. Let a = 253 + -181. Calculate the highest common factor of f and a.
36
Suppose 2*x = 2*d - 178, 53*d - 5*x - 97 = 52*d. Calculate the highest common divisor of d and 29.
29
Let n = -75 - -109. Let i(k) = 7*k**3 - 2*k**2 + 2*k - 1. Let l be i(2). What is the greatest common divisor of l and n?
17
Let b(t) = -t**2 - 10*t - 7. Let x be b(-9). Suppose 3*f = -p + 86, 0 = -0*f + 4*f + x*p - 112. What is the highest common divisor of f and 15?
15
Let d = 60 + -57. Suppose -12 = -d*i + 30. What is the highest common divisor of i and 182?
14
Suppose 2*i - 380 = 12*i. Let j = i + 40. What is the greatest common divisor of j and 2?
2
Let o be 4 - (5415/(-12) + 6/(-8)). What is the greatest common factor of 24 and o?
24
Suppose 8*g - 26*g + 162 = 0. What is the highest common factor of 27 and g?
9
Suppose 5*y - 5 + 31 = -4*h, 4*h = 5*y - 6. Let l be 129/4 + 1/h. Suppose -136 = -1501*w + 1484*w. What is the greatest common divisor of l and w?
8
Suppose -28*o = 13*o - 164. Calculate the greatest common divisor of o and 146.
2
Suppose 6*o - 37 - 29 = 0. Let h(k) = 16*k**3 - 2*k**2 + k - 1. Let c be h(2). Calculate the highest common factor of c and o.
11
Suppose 5*q - 836 = -3*o, -5*q + 103 + 189 = o. Calculate the highest common divisor of o and 34.
34
Let i = -104 - -214. Suppose -23*n + 18*n + 50 = 0. Calculate the greatest common divisor of n and i.
10
Let l(u) = u**2 + 5*u - 37. Let o be l(5). Suppose 19*q - 840 = o*q. Calculate the greatest common factor of q and 56.
28
Let b = 93 + -50. Let l = b + -25. What is the highest common factor of l and 45?
9
Suppose 2*c + 2*r - 40 = 0, 0 = 2*r - 9 + 1. Let i = -3 - -6. Suppose -i*b = -5*b + 80. What is the greatest common divisor of b and c?
8
Let w = -152 + 295. What is the greatest common divisor of w and 65?
13
Let m = -617 - -636. Calculate the highest common factor of 608 and m.
19
Let t = -196 - -280. Let z(n) be the second derivative of n**3/6 + 6*n**2 + 20*n. Let q be z(0). Calculate the highest common factor of t and q.
12
Let c = -249 - -251. What is the greatest common divisor of 262 and c?
2
Let v = -2284 + 2360. What is the greatest common factor of 1007 and v?
19
Let x be 0*-1*(-1)/2. Suppose x = -2*f - 1 + 9. Suppose -5*q - 3 = -3*r, 3*q = f*q - 3. Calculate the highest common factor of 24 and r.
6
Let h = -72 + 152. Let w(r) = r**3 - 4*r**2 + 3*r - 4. Let u be w(4). What is the highest common divisor of u and h?
8
Suppose 1124*m - 1150*m = -1664. Calculate the highest common divisor of m and 5184.
64
Let k(j) = 8*j**2 - j - 35. Let r be k(5). What is the greatest common factor of 120 and r?
40
Let g(t) = -t**3 + 7*t**2 + 9*t + 5. Let l be g(7). Let z(k) = -42*k + 185. Let w be z(4). What is the highest common divisor of w and l?
17
Let r be -3*1248/(-18) - 4. Calculate the greatest common divisor of 24 and r.
12
Let x be (-123721)/(-465) + (-2)/30. Calculate the greatest common factor of x and 28.
14
Let n = -37 + 37. Suppose n = 5*g - 3 - 117. What is the greatest common divisor of g and 60?
12
Let r be (-2)/(-8) - (-9)/(-4). Suppose -4*j = 3*b - 38, b + 4*j = 27 - 1. Let d = r + b. What is the highest common divisor of d and 4?
4
Suppose 0 = 2*s + 202 - 378. What is the greatest common divisor of 40 and s?
8
Suppose -2*j = -2*k - 0*j + 80, k - 3*j = 44. Calculate the highest common factor of 323 and k.
19
Suppose 7*z = 3*z + 2312. Suppose y + 2*m = 3*m + 193, -3*y + 2*m + z = 0. Let t = -34 + 58. Calculate the highest common divisor of y and t.
24
Let b = 145 - 61. Let n = -376 + 397. What is the highest common factor of n and b?
21
Let l(x) = x - 1. Let z be l(1). Let f be z/((-2)/1 + 3). Let w(q) = -2*q + 24. Let y be w(f). What is the greatest common factor of y and 16?
8
Let t be 2/(-6) - -37*9/27. What is the greatest common factor of t and 24?
12
Let d(l) be the first derivative of -l**4/4 - 11*l**3/3 - 17*l**2/2 + 18*l - 29. Let s be d(-9). Calculate the highest common factor of 36 and s.
9
Let t(j) = 2*j - 17. Let c(p) = p - 17. Let y(n) = -3*c(n) + 2*t(n). Let g be y(-6). What is the highest common factor of 33 and g?
11
Let o(w) be the first derivative of -w**4/4 + 2*w**3/3 + 3*w**2/2 + 5*w - 11. Let v be o(-2). Calculate the highest common divisor of v and 30.
15
Let n(f) = f**2 - 8*f + 9. Let l be n(7). Let m be (-2*l)/(-8 + 7). Let t be m*((-57)/(-12) + -2). What is the highest common factor of t and 88?
11
Let h(j) = j - 9. Let m be h(12). Suppose 0 = 5*c + m*x - 1188, -x - 2*x - 12 = 0. What is the highest common factor of 30 and c?
30
Let i = -189 - -588. Let k = -175 + i. Calculate the greatest common factor of 28 and k.
28
Let d be (-15*(-2)/12)/(15/84). Calculate the highest common factor of d and 8.
2
Let u(b) = 4*b - 12*b**3 + 4*b + 6 - b - 4*b**3. Let q be u(-2). Calculate the greatest common divisor of q and 15.
15
Let m = 30 - 29. Suppose l + 4*v - 3 = 0, 0 = -0*l - 2*l - 2*v. Let w = m - l. What is the greatest common factor 